f y(w)?
11
Let p = 637 + -362. What are the prime factors of p?
5, 11
Let k = -451 + 684. What are the prime factors of k?
233
Suppose 8 = 5*s - 7. Let b be -3*(-3 + 4/s). Suppose a - b*q = 46, 36 = 2*a - a - 3*q. List the prime factors of a.
3, 7
Let v = -9 + 9. Suppose -2*h + 4*i + 82 = -0*i, v = h - i - 46. List the prime factors of h.
3, 17
What are the prime factors of ((-111)/(-333))/(2/1644*2)?
137
Let q(r) be the second derivative of -5*r**3/6 - r**2 + 69*r. Let u = -7 + 1. List the prime factors of q(u).
2, 7
Let k(w) = w**2 + 5*w - 4. Let p be k(-6). Let n be (-24)/(-18) - p/(-3). Suppose -n*a + 24 = 2*a. What are the prime factors of a?
2, 3
Let s(m) = -16*m + 1. Let r be s(-4). Suppose i - r = -11. List the prime factors of i.
2, 3
Let w(b) = b**2 + b + 3. Let x(i) = -2*i**2 - i - 7. Let c(r) = -5*w(r) - 3*x(r). Let q be c(4). List the prime factors of (8/q)/((-2)/(-203)).
2, 29
Let r(t) = -10*t**2 - t + 1. Let h be r(1). Let v = 12 + h. Suppose 3*g - 15 = 0, v*g - 1 + 87 = 4*q. What are the prime factors of q?
2, 3
Let v = 336 + -133. What are the prime factors of v?
7, 29
Let b be (425/(-10))/(1/(-2)). Let p = -89 - -138. Let q = b - p. What are the prime factors of q?
2, 3
Let w = 300 - 283. What are the prime factors of w?
17
Let l = -12 + 45. Suppose -l = i + 91. List the prime factors of 2/(-6) + i/(-3).
41
Let u = -240 - -521. Suppose -701 = -5*t + 3*s + s, -2*t + u = -s. List the prime factors of t.
3, 47
Suppose -8*n + 6*n + 8 = 0. Suppose 3*q - 29 = -n*v, -v + 3*q = v - 1. What are the prime factors of v?
5
Suppose -84*x + 89*x = 30. Let k(y) = 40*y + 20. List the prime factors of k(x).
2, 5, 13
Let j = -665 - -232. Let w = j + 658. What are the prime factors of w?
3, 5
Suppose 7*s - 25 = 6*s. List the prime factors of s.
5
Let c be 21 + -15 - (8 - -1). Let o(v) = -5*v - 2*v - 5*v. List the prime factors of o(c).
2, 3
List the prime factors of 16/5*(-28260)/(-24).
2, 3, 157
Let p(m) = -13*m**2 - 6*m + 35*m**2 - 20 - 21*m**2. List the prime factors of p(15).
5, 23
Let u(c) = c**2 + 3*c + 1. Suppose 0 = l - 2*l - 9. Let t be u(l). Let k = t + -28. List the prime factors of k.
3
Suppose -6*l = -10*l + 180. Let k = 95 - l. List the prime factors of k.
2, 5
Suppose -2477 = -10*q - 157. What are the prime factors of q?
2, 29
Let s = 153 - 581. Let i = -228 - s. What are the prime factors of i?
2, 5
Let h(z) = -z**3 - 32*z**2 - 53*z + 41. What are the prime factors of h(-31)?
3, 241
Let r be -37 - (-3)/(3/(-2)). Suppose 5*s - l + 2*l - 55 = 0, 5*s = l + 65. Let m = s - r. What are the prime factors of m?
3, 17
Let l be (1 + -2)/(19/1482). Let b = l - -126. What are the prime factors of b?
2, 3
List the prime factors of 14/4*-1*(-46 + 8).
7, 19
Let i(t) = -t**2 - 13*t + 14. Let s(r) = -2*r**2 - 25*r + 27. Let m(o) = 7*i(o) - 4*s(o). What are the prime factors of m(10)?
2, 3, 5
Let u be (-30)/(-7) - (-8)/(-28). Let a(d) = 2*d - 1 + u - 1. What are the prime factors of a(1)?
2
Suppose 0 = -2*g - 2, g + 3 = r - 3*g. Let f(s) = 208*s**3 + s**2 - s - 2. Let i be f(r). List the prime factors of i/(-3) - 6/18.
3, 23
Let h be -2*(17 - 1)*-1. Let w(q) = 3*q + 1. Let t be w(6). Let m = h - t. What are the prime factors of m?
13
Suppose -d - d = -5*p - 1209, d - 572 = -4*p. List the prime factors of d.
2, 37
Let n(x) = -6*x + 34. Let i be n(-15). Let a = 221 - i. What are the prime factors of a?
97
Suppose g + g + 2*d - 174 = 0, 3*g = -4*d + 256. Let m(q) = q**3 - 2*q**2 - 2. Let j be m(2). List the prime factors of ((-1)/j)/(2/g).
23
Suppose -5*m - 3807 = -14*m. List the prime factors of m.
3, 47
Let z(n) = 2*n**2 + 10*n + 9. Let o be z(-7). Let k = o - 14. Suppose 0 = 22*h - 21*h - k. What are the prime factors of h?
23
Let a(q) = -q**3 + 14*q**2 + 24*q - 28. Let u = -34 - -49. List the prime factors of a(u).
107
Let u(g) = -7*g + 28. Suppose -c - n = 1, -19 = 2*c + 5*n - 5. What are the prime factors of u(c)?
7
Suppose d - 477 = -w, 3*w + 1263 = 4*d - 624. List the prime factors of d.
2, 3, 79
What are the prime factors of (-1438)/(-4)*(226 + -224)?
719
Suppose 2*z - 88 = 6*z. Let y = -33 - z. Let j = y + 27. List the prime factors of j.
2
Let b(l) = 31*l**3 - 3*l**2 + 2*l - 2. Let f be b(2). Suppose -c = c - 5*i - f, 0 = 2*i. What are the prime factors of c?
7, 17
Let j = -124 + 72. Let k = -30 - j. List the prime factors of k.
2, 11
Let o(t) = -t**2 - 24. Let h be o(8). Let d = -48 - h. List the prime factors of d.
2, 5
Suppose 4*s - 13 = 7. Suppose 3*p + 24 = 5*p + 4*q, s*q - 12 = 2*p. Suppose 44 = p*i - 4*c - 44, c = -4*i + 93. List the prime factors of i.
23
Let f be -2 - (1 - 1337)/4. Suppose 5*g = -3*k + k + f, 2*g + k - 133 = 0. List the prime factors of g.
2, 3, 11
Let u(w) = 5*w**2 + 6*w - 5. Let c(y) = 2*y**2 + 3*y - 3. Let n(t) = -9*c(t) + 4*u(t). List the prime factors of n(-6).
97
Suppose 49*g - 127509 - 5134 = 0. What are the prime factors of g?
2707
Suppose 3*a = -2*j + 887, -j + 549 = 3*a - 343. List the prime factors of a.
13, 23
Suppose -2*j + 10 = 3*k + 3*j, k = 4*j - 8. Suppose 2*l + 56 - 6 = k. What are the prime factors of l/(-10)*68/5?
2, 17
What are the prime factors of (7 + -6)*15*265?
3, 5, 53
Suppose 4*x + 350 = 5*y + x, x = -5. Suppose -5*p + 283 = -y. List the prime factors of p.
2, 5, 7
Let c = 904 - 414. Suppose -5*v - 3*b = -0*b - c, b - 100 = -v. List the prime factors of v.
5, 19
Suppose -16*b + 7736 + 19016 = 0. What are the prime factors of b?
2, 11, 19
Let f(w) = 17*w**2 + 26*w + 14. List the prime factors of f(7).
3, 7
Let c be 1 - 3630/(-14) - 38/133. Suppose 528 + c = 5*n + 3*s, 0 = 5*n + 4*s - 784. List the prime factors of n.
2, 5
Let b = 2625 - 1959. List the prime factors of b.
2, 3, 37
Let n(g) = -7*g**3 + g**2 - 2*g - 2. Let y be n(-1). Let k = 20 - y. What are the prime factors of k?
2, 3
What are the prime factors of 21/(8 + -5) - -365?
2, 3, 31
Let a be (-1*1)/((-6)/1122). Suppose 5*w - a = 4*f, 3*f + 37 = -5*w - 147. Let h = f - -80. List the prime factors of h.
3
Let q = 99 - 208. Let i = q - -217. List the prime factors of i.
2, 3
Let n = 12 - 89. Let u = 142 + n. What are the prime factors of u?
5, 13
Suppose -25 = 5*a - 495. Suppose 3*y + a = -2*i, 2*i + 2*i - y + 216 = 0. Let v = i - -83. What are the prime factors of v?
2, 3, 5
Let t(u) be the second derivative of u**5/20 + u**4/2 - 7*u**3/6 - 5*u**2/2 - 13*u. Let r be t(-7). List the prime factors of ((-5)/r*-8)/(-2).
2
Suppose -5*x - 5*b + 6 = -19, 0 = b - 4. Suppose -2*y - 12 = -5*v, 3*y = -4*v + 7*y. What are the prime factors of (x + -5)/(v/(-24))?
2, 3
Suppose -7*p + 105 = -2*p + v, 4*v = -4*p + 84. Let z = 73 - p. What are the prime factors of z?
2, 13
Let o be (2 - ((1 - 1) + 1))*25. Suppose 24*n - o*n = -115. List the prime factors of n.
5, 23
Let w = 90 - 80. List the prime factors of 263 - ((-4)/w - (-136)/40).
2, 5, 13
Suppose 2*r + 10 = 0, -3 = 3*p - 2*r + 5*r. List the prime factors of (67/p)/(15/120).
2, 67
Suppose -2830 = -4*k - 6*k. What are the prime factors of k?
283
Let z(a) = 722*a - 166. List the prime factors of z(2).
2, 3, 71
Let k = -43 - -41. Let d = k - -74. What are the prime factors of d?
2, 3
What are the prime factors of ((-57)/9)/((-2)/678)?
19, 113
Let o(i) = -3*i - 7. Let u be o(-4). Suppose -l = 2*q - 34, -5*q - 8 = -u*l + 207. List the prime factors of l.
2, 5
Suppose 0 = 5*q + 68 - 23. Let z be (-160)/q + 12/54. Suppose 22*s = z*s + 24. List the prime factors of s.
2, 3
Let l(j) = j**3 + 34*j**2 - 3*j + 252. List the prime factors of l(-31).
2, 3, 269
Let z = -222 - -230. What are the prime factors of z?
2
Let z = 167 - 20. Suppose z = -0*k + 3*k. What are the prime factors of k?
7
Let l(o) = -7*o + 15 - 6 + 6 - 3. Let s be l(-8). Let b = s - 39. List the prime factors of b.
29
Let r(p) be the third derivative of p**6/120 + p**5/10 + p**4/12 - p**3 + 5*p**2. Let z be r(-5). Suppose 46 = g + z. List the prime factors of g.
37
Let c(z) = 2*z**3 - 6*z**2 + 5*z + 12. Let q be c(5). Suppose -2*h = -h - q. What are the prime factors of h?
137
Let l(a) = 2*a + 38. Let n be l(-17). Suppose 0*u + n*u = 888. What are the prime factors of u?
2, 3, 37
Let b = -24 - -26. Suppose -5*h - k + 73 - 2 = 0, 0 = b*h + 3*k - 18. What are the prime factors of h?
3, 5
Let n(d) = 37*d**2 + 14*d + 23. What are the 